 0. Suppose -w*g + 2*u = 3*u + 15, -5*g - 21 = -u. Let j = g - -3. What is p(j)?
4
Let p(c) be the second derivative of 2*c + 3/2*c**2 - 1/2*c**3 + 0. Determine p(3).
-6
Let n(g) = -g**2 + 10*g - 14. Let q be n(8). Let d(p) be the third derivative of q*p**2 + 0*p**4 + 0 - 1/60*p**5 - 1/24*p**6 + 0*p**3 + 0*p. Determine d(1).
-6
Suppose -2*j + 38 = -4*n, -4*j + 7*n = 4*n - 56. Let c = 6 - j. Let s(x) = -1. Let i(h) = h + 10. Let t(v) = -i(v) - 5*s(v). Determine t(c).
0
Let t = 39 + -33. Let o(z) = z**2 - 5*z - 8. Determine o(t).
-2
Let h(z) = -1 - 5 + 3 + z. Calculate h(3).
0
Let h be (4/3)/(-2)*-9. Let b(r) = r**3 - 6*r**2 - 1. Calculate b(h).
-1
Let x(c) = -7*c**2 - 44*c**3 + 1 + 98*c**3 - 4*c - 55*c**3. Give x(-6).
-11
Let r(k) be the third derivative of 0 - 1/120*k**6 - 1/6*k**3 + 1/30*k**5 + 9*k**2 + 0*k + 0*k**4. Suppose -19 = 3*b + 5*x - 1, b + 4 = -x. Determine r(b).
2
Let w(k) = 3*k**3 + 2*k**2 + 6*k + 5. Let s(l) = -l**3 - l - 1. Let x(d) = 2*s(d) + w(d). Calculate x(-2).
-5
Let t(u) = 5*u**2 + u + 2. Let o = -17 + 15. Determine t(o).
20
Let k(v) = 4*v + 3. Let q be k(-2). Suppose -t = 4*m - 6, -1 = 2*t - 2*m - 3. Let j(h) = 4 - 1 + t*h - 2. Determine j(q).
-9
Let p(u) be the second derivative of u**5/20 - 5*u**4/12 - 2*u**3/3 - 3*u**2 - 4*u. Give p(6).
6
Let o be (-7)/(-1) + (1 - 3). Let h(a) = -a + 5. Calculate h(o).
0
Let i(c) be the third derivative of c**7/420 - c**6/180 + c**4/24 - c**3/3 + 3*c**2. Let f(k) be the first derivative of i(k). Calculate f(2).
9
Let y(n) = -3*n - 1. Suppose 3*j - 32 = -j. Let b(i) = -2*i + 0 + i + j. Let c be b(9). Calculate y(c).
2
Suppose -3*n + 26 = 2*r, r + n - 5*n = 13. Let t(q) = 3*q - 5*q + r - 9. Determine t(-6).
16
Let o(q) = q**3 + 5*q**2 + 4*q - 4. Suppose -p = -5 - 1. Suppose -2 = 2*f + p. Determine o(f).
-4
Let u(d) = -d**3 - 7*d**2 - 7*d + 2. Let p be 5/3*24/20 + -8. Give u(p).
8
Let n = 5 - 5. Let o be (-4)/(-14) - (-24)/14. Let r(f) = 5 + n - f**2 + o*f**2 - f - 3*f. Give r(4).
5
Let g(v) = -v + 3. Let t(d) = -4*d + 14. Let w(i) = 11*g(i) - 2*t(i). Calculate w(4).
-7
Let o(i) = i**2 + 8*i + 11. Let s(u) = u**2 + 8*u + 10. Let g(y) = -4*o(y) + 5*s(y). Give g(-5).
-9
Let b = 13 - 7. Suppose -2*t - 2 = 4*u, -b*u + 3*t + 14 = -u. Let s(v) = -v. Give s(u).
-1
Let n(o) = o**3 - o**2 + 1. Let j(g) = 4*g**3 + 2*g + 3. Let w(l) = -j(l) + 3*n(l). Let s be w(-2). Let i be (-2 - (-1 - s))*1. Let t(p) = 2*p. Give t(i).
-2
Let z(i) = i**3 + 8*i**2 - 5*i + 11. Let c(k) = -2*k**3 - 8*k**2 + 6*k - 11. Let m(s) = -2*c(s) - 3*z(s). Determine m(8).
13
Let s = -5 + 4. Let m(c) be the second derivative of -7*c**4/12 - c**3/3 - c**2/2 + 8*c. Give m(s).
-6
Let u(f) = f**3 - 5*f**2 - 13*f - 3. Let p be u(7). Let t(n) be the second derivative of 0 + 4*n - 1/3*n**3 + 1/12*n**p - 1/2*n**2. Give t(2).
-1
Suppose -4*q = 2*q + 18. Let r(o) = -o**3 - 4*o**2 - 4*o. Give r(q).
3
Let v(b) = 20*b**2 + 18*b - 38. Let r(a) = 7*a**2 + 6*a - 13. Let o(l) = -17*r(l) + 6*v(l). Let w = 12 + -19. Give o(w).
0
Let j(v) be the second derivative of -v**4/12 + 7*v**3/6 - 3*v**2 + 4*v. Let f be 1/((-4)/(16*-1)). What is j(f)?
6
Let g(t) = t**2 - 9*t + 6. Let x(j) = 4*j - 36. Let n be x(11). Determine g(n).
-2
Let x(d) = -9*d. Let j(b) = 5*b - 9. Let w be j(2). Determine x(w).
-9
Let h(z) = -8*z - 8*z**2 + 9*z**2 - 1 + 2 - 2. Calculate h(6).
-13
Let c(y) = -1. Let m(w) = -3*w + 11. Let x(u) = -8*u + 32. Let a be 8/20 - (-18)/5. Let j(s) = a*x(s) - 11*m(s). Let i(h) = -3*c(h) - j(h). Calculate i(-3).
-1
Let q(v) = -v**3 + 8*v**2 + 8*v + 10. Let l be (-605)/(-66) - (-2)/(-12). What is q(l)?
1
Let i(c) = c**3 - 5*c**2 + 7*c - 6. Let b be 0 + (-1 - 3/1). Let o = b - -8. Give i(o).
6
Suppose 0*t - 20 = -4*j + 4*t, 0 = -5*t. Let g(z) = -z**3 + 5*z**2 - 2. What is g(j)?
-2
Suppose 3*q + 7 = 4*q. Suppose 0 = -0*o + q*o - 28. Let h(l) = -l**3 + 5*l**2 - 4*l + 4. Calculate h(o).
4
Suppose 3*b - 6*b + 78 = 0. Suppose -4 = -4*h, -2*l + h - b = 3*l. Let u(c) = 6*c - 1. Let n(d) = 13*d - 3. Let g(r) = 4*n(r) - 9*u(r). Calculate g(l).
7
Suppose -2*y = -g, 2*g = 3*g + 5*y. Let s(z) = -3*z**3 + z**2 + z + 5. Let d(o) = -7*o**3 + 2*o**2 + 2*o + 10. Let q(n) = -2*d(n) + 5*s(n). Give q(g).
5
Let o(p) be the second derivative of -p**5/20 - 5*p**4/12 - p**3/3 + 2*p**2 + 11*p. Give o(-4).
-4
Let o(r) = 14*r + 11. Let w(j) = 10*j + 13. Let i(d) = 5*d + 6. Let a(n) = -5*i(n) + 2*w(n). Let b(c) = -17*a(c) - 6*o(c). What is b(-3)?
-1
Let y(r) = 11*r + 7*r - r**2 + 11*r + 1 - 36*r. Give y(-6).
7
Let o(g) = g**3 - 7*g**2 + g - 5. Let y be o(7). Let h(u) = -2 + u**2 + 4*u**2 - 6*u**y. Give h(0).
-2
Let q = 6 + -14. Let x(a) = a**2 + 9*a + 7. Calculate x(q).
-1
Let v(j) be the first derivative of j**4/4 - j**3 - 3*j**2 + 5*j - 2. Suppose 3*i + 7 = 2*n + 1, i = 5*n - 41. Suppose n = -3*b + 21. Give v(b).
-3
Let z(t) = -1 + 69*t**3 + 0*t**2 + 2*t - t**2 - 81*t**3. Give z(1).
-12
Let v(r) = -13*r**3 - 7 + 2*r**2 - r - r**2 + 12*r**3. Let o be 0 - (-3 + 3 + 0). What is v(o)?
-7
Let x(z) = 7*z. Let a(q) = 2*q**2 + q. Let d be a(2). Suppose 4*k - 5*k + 18 = 2*h, -21 = -3*h - 3*k. Let v = d - h. Calculate x(v).
-7
Let l(q) = 4 + 7*q**3 + 56*q - 57*q - 8*q**2 - 6*q**3 + 1. What is l(8)?
-3
Let s(m) = -m. Suppose -2*g + 16 = 2*g. Let l be s(g). Let k be (10/(-6))/(l/12). Let y(o) = o**2 - 6*o + 5. Calculate y(k).
0
Let z(k) = k**2 - 7. Let x be z(3). Let i(l) = 5*l. Give i(x).
10
Let j(s) = s**3 - 5*s**2 + s. Let n be (-2)/(-7) - (-363)/77. Give j(n).
5
Let m be (0/(-1 - 3))/(-2). Let c be (-1)/1*(5 + m). Let i(r) = r**3 + 6*r**2 + 4*r + 1. Let k(q) = -q - 1. Let l(n) = i(n) - 2*k(n). What is l(c)?
-2
Let j(y) = -y + 2 + 4 + 0*y. Let o be j(-6). Suppose -4*m - o = 0, -5*k = -6*m + 3*m - 24. Let d(b) = -3*b + 4. Determine d(k).
-5
Let k be (5/(-3))/(2/6). Let i(s) be the second derivative of -s**3/6 - 3*s**2 + s. What is i(k)?
-1
Let q(s) be the first derivative of -s**4/4 - 4*s**3/3 - s**2 + 3*s - 5. Calculate q(-4).
11
Let f(w) = -w**2 + 3*w + 3. Let b be f(3). Let a(y) be the first derivative of 1/3*y**b + 0*y + 1 - 1/2*y**2. Determine a(1).
0
Let w(a) be the second derivative of a**4/12 - a**3 + 2*a**2 - 2*a. Let s be (-2)/3 - 14/(-3). Determine w(s).
-4
Let a(t) be the second derivative of -5*t**4/6 + t**2/2 - 28*t. What is a(-1)?
-9
Let l(o) = -2*o - 1. Let q(b) = b - 1. Let s(v) = l(v) + 4*q(v). What is s(7)?
9
Let l(w) = w**2 - w. Let t(h) = -h**2 - h - 4. Let r(n) = -2*l(n) - t(n). What is r(5)?
-6
Suppose 0 = 2*r - 3*u - 5, 4*r + 4*u = -0*u. Let g(p) = -25*p. Give g(r).
-25
Let f(g) = -2*g - 5. Let x = 11 + -5. Let w be (45/x)/(-3)*2. Let h be f(w). Let a(p) = p**3 - 4*p**2 - 5*p + 5. Calculate a(h).
5
Let q(b) = -3*b**3 - 3*b**2 - 4*b - 3. Let g(u) = -2*u - 3*u**2 - 4*u**3 + 3*u**2 - 3 - 3*u**2 - 2*u. Let n(s) = -4*g(s) + 5*q(s). What is n(4)?
-3
Let o(a) be the first derivative of 1/2*a**2 + 2*a**3 + 1 - a. Calculate o(1).
6
Suppose 55 = -0*i + 11*i. Let n(h) = h**2 - 7*h + 2. What is n(i)?
-8
Let n be 90/11 - (-8)/(-44). Suppose 5*q + n = 3. Let o(k) = 3*k**2 + k + 1. Determine o(q).
3
Let d(v) be the third derivative of -v**4/6 - v**3/2 + 2*v**2. Let i = -52 + 50. Give d(i).
5
Let q(r) be the second derivative of r**6/240 + r**5/120 + r**4/4 + r. Let m(t) be the third derivative of q(t). Determine m(-2).
-5
Let k(p) = -p**2 - 13*p - 34. Let u be k(-4). Let f(o) = 2*o**2 + o. What is f(u)?
10
Let n(a) = 4*a + 29. Let t be n(-6). Let z(c) = -c**3 + 4*c**2 + 3*c + 5. Give z(t).
-5
Let u be (-38)/(-14) + (-2)/(-7). Suppose 7 = u*w + 1. Let j(q) = 0 - 1 + 5*q + q - q**w + 0*q. Give j(4).
7
Let c = 5 - -3. Let r be (6/4)/(6/c). Let w(t) = 5*t**3 - 3*t**3 - 3*t**3 - t**2 + t. Determine w(r).
-10
Let m(n) = -n**2 - n. Let x(z) = -8*z**2 - 3*z - 1. Let j(k) = -5*m(k) + x(k). Let d = 4 - 3. Determine j(d).
-2
Suppose 7*r + 11 = -10. Let u(m) = -m**3 + 3*m. What is u(r)?
18
Let n = -15 - -16. Let m(y) = -11*y**2 + y - 1. Calculate m(n).
-11
Suppose -20 = 2*c + 3*c. Let b(w) = -w**3 - 3*w**2 - 2*w - 4. Determine b(c).
20
Let j(t) = -3*t. Let v be (-4)/5*1*-5. Suppose v*b - 6 + 0 = -3*g, 7 = 4*g + 5*b. What is j(g)?
6
Let g(d) = 2*d**2 + 11*d + 21. Let w(s) = -s**2 - 5*s - 10. Let t(x) = -4*g(x) - 9*w(x). Calculate t(0).
6
Let r(h) be the first derivative of 3*h - 1/3